hat is 106 + 20?
126
In base 8, what is -24 - 1?
-25
In base 14, what is 4dd - -1?
500
In base 8, what is 2 - -2041?
2043
In base 12, what is 162 + -2?
160
In base 15, what is 3a5 + -3?
3a2
In base 8, what is 5734 - 5?
5727
In base 12, what is -5 - 1238?
-1241
In base 3, what is 2 - -1121121?
1121200
In base 10, what is -4456 - 3?
-4459
In base 11, what is -2213 - 4?
-2217
In base 14, what is 7 - 219?
-212
In base 16, what is -3 - 172b?
-172e
In base 9, what is -1 + -1772?
-1773
In base 10, what is 817 - -2?
819
In base 8, what is -7 - 1?
-10
In base 10, what is 86 - -2?
88
In base 4, what is -10 + -12131?
-12201
In base 16, what is 6 - 6b?
-65
In base 13, what is -c - 81?
-90
In base 8, what is 12501 - 0?
12501
In base 9, what is 5 - 2485?
-2480
In base 15, what is -10 + 4c?
3c
In base 8, what is -273 + 2?
-271
In base 8, what is 177 + -1?
176
In base 11, what is -6115 + 2?
-6113
In base 10, what is 1 - -938?
939
In base 3, what is -111 - 10101?
-10212
In base 9, what is -2470 + -13?
-2483
In base 3, what is 10002 + 10?
10012
In base 6, what is -1 + 5054?
5053
In base 10, what is 2036 + 4?
2040
In base 2, what is 1 + -111010?
-111001
In base 8, what is 0 - -5?
5
In base 7, what is -5 + -132?
-140
In base 5, what is 103 - -23?
131
In base 15, what is -7d2 + -4?
-7d6
In base 15, what is 138 + 3?
13b
In base 9, what is 1051 - -3?
1054
In base 16, what is -2 - 13?
-15
In base 12, what is b + -54?
-45
In base 13, what is 5 + 1bb?
1c3
In base 2, what is 1000 + -100?
100
In base 6, what is 55 + -5?
50
In base 2, what is -111101 - -100?
-111001
In base 12, what is 3a - -2?
40
In base 3, what is 21 - 101?
-10
In base 10, what is -452 + 2?
-450
In base 12, what is -764 - -4?
-760
In base 14, what is -c - -40c?
400
In base 10, what is 3 - -182?
185
In base 9, what is -4 - -21?
16
In base 3, what is -1021 + 212?
-102
In base 7, what is -46 - 222?
-301
In base 2, what is 111 - 11110?
-10111
In base 4, what is 3122 - 21?
3101
In base 12, what is 1b - -275?
294
In base 14, what is -c - -534?
526
In base 13, what is 1b4 + 1?
1b5
In base 16, what is -48 - -e4?
9c
In base 6, what is -520 + -4?
-524
In base 7, what is 3 + -135?
-132
In base 16, what is -1 + 2d?
2c
In base 6, what is -232 + 22?
-210
In base 12, what is 0 - 110?
-110
In base 14, what is -2 - 3c?
-40
In base 10, what is 3308 + -5?
3303
In base 16, what is -8 - -218?
210
In base 8, what is -620 - 3?
-623
In base 2, what is -1101110111 - 1?
-1101111000
In base 9, what is -5 + -1437?
-1443
In base 13, what is -5 + -13cb?
-1403
In base 6, what is -15 + 1440?
1421
In base 14, what is 0 - -10?
10
In base 7, what is 3 - -356?
362
In base 13, what is 2 - 457?
-455
In base 2, what is -110 - 10101010?
-10110000
In base 3, what is -100020 + -1?
-100021
In base 12, what is 5 + -5b?
-56
In base 4, what is 1213 + -320?
233
In base 16, what is 5 - -16e8?
16ed
In base 16, what is -1cd1 + -5?
-1cd6
In base 15, what is 565 + -2?
563
In base 10, what is 5 - 9?
-4
In base 10, what is -2 - 987?
-989
In base 4, what is -201112 - 11?
-201123
In base 10, what is 112 - 1?
111
In base 8, what is -4 + 717?
713
In base 9, what is 13 - -182?
205
In base 8, what is 200 + -5?
173
In base 10, what is 155 - 2?
153
In base 5, what is 320 + 13?
333
In base 7, what is -22 + 56?
34
In base 6, what is -5 - 1402?
-1411
In base 3, what is -21 - 2201?
-2222
In base 10, what is -30 + -42?
-72
In base 5, what is -2 + -431?
-433
In base 13, what is 51 + -3?
4b
In base 6, what is -100 + 21?
-35
In base 10, what is -274 + 2?
-272
In base 2, what is 10 + -11111111011?
-11111111001
In base 6, what is -401 + -305?
-1110
In base 16, what is 117 + 12?
129
In base 11, what is 162 + 26?
188
In base 7, what is -3333 + -3?
-3336
In base 13, what is -9 + 655?
649
In base 8, what is -14 - -271?
255
In base 8, what is 4 - 52?
-46
In base 11, what is -89 + 9?
-80
In base 8, what is 425 - 3?
422
In base 11, what is 10 - -3a8?
408
In base 3, what is 1120 - -1020?
2210
In base 10, what is 34 + -7?
27
In base 7, what is -2 - -1115?
1113
In base 16, what is 283 - -5?
288
In base 13, what is 1a79 + -5?
1a74
In base 15, what is -2 - 17c?
-17e
In base 5, what is 34 - -23?
112
In base 5, what is 33 - -201?
234
In base 2, what is 11001111101 + -10?
11001111011
In base 3, what is -2200 - -11200?
2000
In base 3, what is 20110 + 22221?
120101
In base 3, what is -12 + -210?
-222
In base 5, what is 100 - -2?
102
In base 16, what is -35c - a?
-366
In base 7, what is -12 + -441?
-453
In base 4, what is -11 + 10210?
10133
In base 9, what is -17 + 111?
83
In base 7, what is 113 - -15?
131
In base 3, what is 1011211010 + -2?
1011211001
In base 9, what is -3 + -1117?
-1121
In base 8, what is 11 - -171?
202
In base 13, what is 1b2 + -b?
1a4
In base 16, what is -9 + -5?
-e
In base 4, what is -11 - 10101?
-10112
In base 11, what is -13 + -14?
-27
In base 8, what is -3 + -4053?
-4056
In base 6, what is 11 - -201?
212
In base 4, what is 110300 - 111?
110123
In base 4, what is -102 - 2?
-110
In base 11, what is 1 - 2?
-1
In base 2, what is 1 - 1100010?
-1100001
In base 4, what is 21 - 110?
-23
In base 4, what is -2 + 132?
130
In base 14, what is -5 + 11a?
115
In base 7, what is 206 + 2?
211
In base 3, what is 1011 + -1?
1010
In base 15, what is 4 + -21?
-1c
In base 6, what is -54 - -51?
-3
In base 13, what is b8 + -1?
b7
In base 10, what is -2795 + 2?
-2793
In base 6, what is -40 + 3143?
3103
In base 5, what is -2020 + -30?
-2100
In base 10, what is 6 - 230?
-224
In base 12, what is 44 - 5?
3b
In base 5, what is 4 - 134?
-130
In base 14, what is -3 + 172d?
172a
In base 3, what is 2211 + -11?
2200
In base 16, what is -f7 - -1?
-f6
In base 6, what is 3 - -225?
232
In base 12, what is -43 + 0?
-43
In base 3, what is -12 + 112010?
111221
In base 4, what is -2331 + 11?
-2320
In base 12, what is -3 - 4b1?
-4b4
In base 6, what is -5 - 3?
-12
In base 14, what is -a2 - -1?
-a1
In base 5, what is -24 + 1340?
1311
In base 14, what is 30 + 2?
32
In base 4, what is -10302 + -2?
-10310
In base 14, what is -9 + -177?
-182
In base 9, what is 5 - -14?
20
In base 6, what is -2 + -4025?
-4031
In base 14, what is 28 - -4?
2c
In base 8, what is -321 + 2?
-317
In base 6, what is 4 - -223?
231
In base 3, what is 11 - -10011?
10022
In base 11, what is -1 - -2839?
2838
In base 16, what is ed + 8?
f5
In base 10, what is -1 + -143?
-144
In base 2, what is 1010100011 + -10111?
1010001100
In base 10, what is 3 - -7?
10
In base 16, what is -3 - 663?
-666
In base 12, what is 3 + -1678?
-1675
In base 5, what is 3 + 141?
144
In base 9, what is -5 + 2?
-3
In base 15, what is -ac - -c?
-a0
In base 11, what is 47 - 2?
45
In base 14, what is 4 - -174?
178
In base 7, what is -6642 + 4?
-6635
In base 3, what is -12101 - 2101?
-21202
In base 2, what is -1110010 - 10?
-1110100
In base 11, what is 0 - a73?
-a73
In base 6, what is -2022 - -4?
-2014
In base 8, what is -1 - 242?
-243
In base 15, what is 1 - 3c?
-3b
In base 12, what is 34 - -7?
3b
In base 11, what is -3 + -7252?
-7255
In base 5, what is 0 - 201?
-201
In base 11, what is -2a - -3?
-27
In base 7, what is -104433 + -5?
-104441
In base 5, what is 3 - -1?
4
In base 5, what is 10 + -13011?
-13001
In base 11, what is -3 + -1394?
-1397
In base 11, what is -a + 176?
167
In base 10, what is 4515 + 0?
4515
In base 14, what is -84 + 37?
-4b
In base 3, what is -12211221 + 12?
-12211202
In base 9, what is -5 + -215?
-221
In base 14, what is 356 + 10?
366
In base 8, what is 5 - -6524?
6531
In base 14, what is -2a2a - 0?
-2a2a
In base 8, what is 3 + -36?
-33
In base 5, what is -131324 - -11?
-131313
In base 7, what is 56 - -1?
60
In base 15, what is 222 - 5?
21c
In base 16, what is -11 - 223?
-234
In base 8, what is 26 - 1?
25
In base 2, what is 10001001 - 10?
10000111
In base 15, what is -8c + -4?
-91
In base 9, what is -17 + 13?
-4
In base 7, what is 26 + -23?
3
In base 14, what is -3 + 276?
273
In base 11, what is 52 + 17?
69
In base 8, what is -21 + -3?
-24
In base 13, what is 5 - 3b?
-36
In base 15, what is 2 + 2e?
31
In base 10, what is 0 + -122?
-122
In base 4, what is -11 - 3321?
-3332
In base 8, what is -20 + 1?
-17
In base 13, what is 6 + -18?
-12
In base 3, what is 100021 + 11?
100102
In base 9, what is -34 - 113?
-147
In base 8, what is -330 - -43?
-265
In ba